divisor of 272 and 909279?
17
What is the highest common factor of 3135097 and 1609657?
1589
Calculate the greatest common factor of 885002697 and 7389.
7389
What is the greatest common divisor of 431490 and 7980?
570
Calculate the highest common divisor of 76153 and 40384267.
3311
Calculate the highest common factor of 118822123 and 21.
7
What is the highest common divisor of 33184 and 4320142?
2074
Calculate the highest common divisor of 2789411496 and 124.
124
What is the greatest common factor of 380 and 21768984?
76
What is the greatest common factor of 19809 and 175583?
71
Calculate the highest common factor of 171972 and 1277145.
2529
What is the greatest common divisor of 65557802 and 2?
2
What is the greatest common divisor of 736680711 and 2223?
741
What is the greatest common divisor of 850333 and 196075?
253
What is the greatest common factor of 134020917 and 801?
801
Calculate the greatest common divisor of 21605991 and 451.
11
Calculate the greatest common factor of 175 and 13165.
5
What is the highest common divisor of 13024 and 550671?
407
What is the highest common divisor of 50530500 and 27?
27
Calculate the greatest common factor of 320697572 and 103033.
14719
Calculate the highest common factor of 156 and 18352191.
39
Calculate the highest common factor of 24 and 20354928.
24
What is the highest common factor of 38912955 and 1765?
1765
What is the greatest common divisor of 642576128 and 288?
32
What is the greatest common factor of 240 and 14719040?
80
Calculate the highest common divisor of 369 and 58798059.
123
Calculate the highest common divisor of 118844 and 3305148.
3212
What is the greatest common factor of 7020 and 33677748?
1404
What is the greatest common factor of 47251501 and 66187?
6017
Calculate the highest common factor of 8040643 and 26.
13
Calculate the greatest common factor of 37977724 and 712.
356
What is the greatest common factor of 77 and 2274083581?
77
What is the greatest common divisor of 28905 and 19461675?
615
Calculate the highest common factor of 27636832 and 202.
202
What is the greatest common divisor of 2770 and 845215640?
2770
What is the greatest common divisor of 595 and 151385?
85
What is the highest common factor of 176757 and 15180753?
399
Calculate the highest common divisor of 56 and 65925748.
28
What is the greatest common factor of 16932522 and 85392?
3558
What is the greatest common divisor of 7068 and 1197003?
93
Calculate the greatest common factor of 5115 and 2899985.
55
Calculate the greatest common divisor of 51665774 and 14530.
2906
What is the greatest common factor of 4593384 and 22401?
1179
Calculate the greatest common divisor of 16787696 and 8.
8
Calculate the highest common divisor of 77581083 and 65328.
4083
What is the highest common factor of 8635 and 2431495?
55
Calculate the greatest common divisor of 79504 and 14412.
4
What is the greatest common factor of 11319620 and 1520446?
6698
What is the greatest common divisor of 1286 and 42468221?
643
Calculate the highest common factor of 2640 and 16298760.
120
What is the greatest common divisor of 23042649 and 285?
57
Calculate the highest common factor of 6139808 and 12520.
2504
Calculate the highest common divisor of 46328612 and 2936.
1468
Calculate the greatest common divisor of 2741330 and 210.
10
What is the highest common factor of 6246747 and 247?
13
What is the highest common factor of 253 and 5585527?
23
What is the greatest common factor of 336188838 and 102?
102
What is the highest common divisor of 2477 and 262509983?
2477
What is the highest common divisor of 443495 and 54730?
65
Calculate the greatest common divisor of 14 and 587710.
2
Calculate the greatest common divisor of 6449472 and 3372.
12
Calculate the greatest common divisor of 16382128 and 2800.
112
What is the greatest common factor of 33417 and 12231?
9
What is the greatest common factor of 1705 and 8462938?
341
What is the highest common divisor of 71790 and 9150?
30
Calculate the greatest common divisor of 163181 and 93.
1
What is the greatest common factor of 19898 and 7512?
2
What is the greatest common factor of 1567534000 and 10?
10
Calculate the highest common factor of 445152 and 2592.
96
Calculate the highest common factor of 1316410 and 330.
10
Calculate the highest common factor of 148088 and 1176572.
428
Calculate the highest common divisor of 19256 and 31672136.
664
Calculate the greatest common factor of 113009 and 221377.
13
What is the greatest common divisor of 2059159200 and 175?
175
What is the highest common divisor of 80 and 990455120?
80
Calculate the highest common factor of 32773 and 3094.
13
What is the greatest common divisor of 3870 and 2978460?
90
Calculate the greatest common divisor of 16 and 16389776.
16
Calculate the greatest common factor of 6015769 and 314.
157
What is the highest common divisor of 8328 and 96831044?
1388
What is the greatest common divisor of 3709184 and 4608?
256
What is the greatest common divisor of 1017 and 33975?
9
What is the highest common divisor of 19170408 and 1104?
552
What is the highest common divisor of 2686200 and 32?
8
What is the greatest common factor of 50592 and 1888?
32
Calculate the highest common factor of 85840 and 316276.
148
What is the highest common divisor of 2403 and 9699309?
801
Calculate the greatest common divisor of 448 and 22979040.
224
Calculate the greatest common divisor of 48139 and 124982.
299
What is the greatest common divisor of 1490 and 381190?
10
Calculate the highest common divisor of 4561164 and 1323.
27
What is the highest common factor of 7784 and 2649896?
1112
What is the greatest common factor of 3080 and 348565?
35
What is the highest common factor of 19080022 and 30?
2
Calculate the highest common factor of 6183 and 2097333.
27
Calculate the greatest common factor of 30771 and 360191.
13
Calculate the greatest common factor of 366797 and 292509.
4643
What is the highest common divisor of 73796320 and 544?
544
What is the highest common factor of 14431420 and 310?
10
Calculate the greatest common factor of 12961 and 13884.
13
What is the greatest common factor of 1388247 and 588?
21
Calculate the greatest common factor of 74 and 148288489.
37
What is the highest common factor of 23931 and 332991?
9
Calculate the greatest common factor of 800 and 335992400.
400
What is the greatest common factor of 680250 and 609750?
750
Calculate the greatest common factor of 399800 and 3194402.
3998
What is the greatest common factor of 9464 and 11283216?
56
What is the highest common divisor of 600 and 1685240?
40
Calculate the greatest common divisor of 1795746 and 2742.
6
Calculate the greatest common divisor of 151125 and 1690.
65
What is the greatest common divisor of 126480 and 4654960?
2480
What is the highest common divisor of 1359571 and 8?
1
Calculate the highest common factor of 15609 and 3126057.
1419
What is the highest common factor of 36440 and 75610?
10
What is the greatest common divisor of 139156 and 50236?
76
What is the greatest common divisor of 222 and 540806?
2
What is the highest common divisor of 16860138 and 53966?
446
What is the greatest common factor of 63250 and 970?
10
What is the highest common divisor of 1091893 and 2046?
11
What is the greatest common divisor of 1120 and 1279740?
140
What is the highest common divisor of 22296 and 123672?
24
What is the greatest common factor of 644 and 10341789?
23
What is the greatest common divisor of 5476116 and 1380?
276
What is the highest common divisor of 8484690 and 660?
30
What is the greatest common divisor of 21810784 and 760?
152
Calculate the highest common factor of 781271 and 37.
1
What is the highest common factor of 217215934 and 3068?
1534
What is the highest common factor of 1161 and 6499629?
27
Calculate the highest common factor of 138150 and 3267225.
225
What is the greatest common factor of 2581 and 1015812?
29
What is the highest common divisor of 1129115 and 455?
65
Calculate the greatest common factor of 1019694192 and 33.
33
What is the highest common divisor of 3240 and 10008792?
216
What is the highest common divisor of 252 and 72649234?
14
Calculate the highest common factor of 20081841 and 114.
57
What is the greatest common divisor of 1287 and 138259